ime number?
True
Is (-284716)/(221/(-13)) - -1*5/1 composite?
True
Let g(t) = 209*t**2 - 3*t - 1. Let y = 15 - 21. Let x be (-39)/26*(-4)/y. Is g(x) composite?
False
Suppose 0 = -5*o - 5*m + 96578 - 3363, 3*o = 4*m + 55887. Is o composite?
False
Let n = -2722 + 351. Let w = -1054 - n. Is w a prime number?
False
Let c = 10189 - 1680. Is c a composite number?
True
Suppose -480109 = -20*v - 76039 + 1651790. Is v a composite number?
False
Let b(x) = 1072*x - 145. Is b(3) composite?
True
Let a(k) = -k**2 + 4*k + 9. Let b be a(5). Suppose -3833 = b*q + 3363. Let g = -480 - q. Is g prime?
True
Suppose -23*v - 110*v = -5239973 - 9677972. Is v composite?
True
Let j(k) = k - 141. Let u be j(31). Let v = -13 - u. Is v a prime number?
True
Let d(r) = -484*r**3 - 5*r - 2. Let l be d(-2). Let s = l + 1. Is s prime?
True
Let i(k) = -3*k**2 + 9*k + 2. Suppose 20 = 9*w - 16. Let m be i(w). Is (-818)/(-4)*(-3 - (m - -5)) a composite number?
False
Let s(o) = o - 4. Let n be s(15). Let v(m) = 498*m + 61. Is v(n) composite?
True
Let u = 145 - 28. Suppose 118*g - u*g - 4267 = 0. Is g a prime number?
False
Suppose -5*t - f = 231, -50 = t - 5*f - 9. Let g = -44 - t. Suppose -5*b = s - 2005, -2*b = 5*s + g*b - 9941. Is s a prime number?
False
Let v(c) = -2412*c**3 - 11*c**2 + 150*c + 6. Is v(-5) composite?
False
Suppose 0 = 346*r - 507863593 + 231936153 - 368960854. Is r prime?
True
Suppose -16*j + 477641 = 5*q - 19*j, 4*q - 382114 = 3*j. Is q composite?
False
Is (-8062140)/(-48) - (-2)/(-8) composite?
True
Is -3 + 5 + 2690095 + 6*(-4)/12 a composite number?
True
Suppose -6*w + 28 + 8 = 0. Suppose -w*v + 47580 = -v + 2*j, 25 = -5*j. Is v a composite number?
True
Let j(w) = 3*w + 23. Let y be j(-7). Suppose 828 = 3*t - y*t + l, 4*t - 5*l - 3348 = 0. Suppose u - 1197 = 5*g, -t + 3248 = 2*u + g. Is u composite?
True
Suppose 0 = 5*i - 1 - 9. Let n(h) = -h**3 + h**2 - 4*h + 3. Let p be n(i). Is (-4493)/(-3) + 6/p composite?
True
Let z(f) = 4*f**3 - 5*f**2 - 9*f - 21. Let w be (-2)/(((-6)/2)/6). Suppose -3*v = t - 6*t + 41, -w*t = 4*v - 52. Is z(t) composite?
False
Let l be (-3 + 7/2)/(2/6984). Let q = l - 869. Let g = 1623 - q. Is g composite?
True
Suppose -5*r - 21 = 19. Let f = r - -26. Suppose -f*z + 493 = -9623. Is z prime?
False
Let g be 18/(-9) + 541 + -1. Suppose 130*i = 132*i + 694. Let d = g + i. Is d a composite number?
False
Suppose -3*y - 14 = -23. Suppose -p + 3749 = y*w, 0 = 12*p - 17*p - 2*w + 18797. Is p a composite number?
False
Let u be -7 + 10 + 11*2. Suppose 0*j - 5*j - 3*a = -u, -2*j - 5*a = -29. Suppose -6*f + f + j*s + 8271 = 0, -4*f = -5*s - 6610. Is f composite?
True
Suppose 3*i = -4*s - 2614, -3*i - 7*s + 2*s = 2618. Let j = i - -3387. Is j a composite number?
False
Suppose u + 0 - 5 = 0. Suppose 3395*g - 3412*g + 15283 = 0. Suppose u*w - g = 366. Is w composite?
True
Let m be (-69)/(-9) + (-1)/(-3). Let w be m/52 - ((-71676)/(-39))/(-1). Suppose 0 = -5*f + 1527 + w. Is f composite?
False
Suppose -4*i - i - 3*b = -7479, -5*i + 3*b = -7461. Let v = -4516 + 3026. Is ((-8)/(-12))/(v/i + 1) a composite number?
True
Let w be 14*(0 + 39 + -2). Suppose 2*i + 5*n - w = 0, -4*i = -3*n - 0*n - 1088. Suppose -3*u - 44 + 314 = -3*l, -3*u + 4*l = -i. Is u a composite number?
True
Let f(h) be the second derivative of 847*h**4/6 - 5*h**3/6 - 3*h**2 - 78*h. Is f(-1) a composite number?
False
Let w(t) = 25*t**2 + 35*t - 123. Let q be w(4). Suppose -6*y = 3*x - 3*y - 21, 0 = -3*x + 4*y. Suppose -x*b + 2723 + q = 0. Is b prime?
False
Let y be (-18)/(-2)*(4 - 1). Let p = y + -22. Is 2706/p + (-4)/(60/3) a composite number?
False
Suppose 0 = -5*t - l + 133, 4*l - 12 = 3*t - 78. Suppose -t = g - 903. Is g prime?
True
Let q = -476496 + 686977. Is q prime?
True
Suppose 0 = 2*y + u - 196964, -y + 151507 = 2*u + 53034. Is y prime?
False
Suppose -2*q + 806 = 3*d + 269, -3*q + 4*d = -814. Let u be 9/(0 + 3) + 156. Let v = q - u. Is v a composite number?
True
Let t = -705138 - -1305917. Is t a prime number?
False
Suppose -3*a - 4521 = -d, 78*d - 73*d - 22657 = 2*a. Is d prime?
False
Let b(x) = -12 - 39 + 13*x - 50. Is b(12) composite?
True
Let n = -743 + 742. Is (n/(-2))/(((-2)/(-1916))/1) a prime number?
True
Let j(a) = 42*a**3 + 2 - 3 - a**2 + 4 - 5*a + 2. Suppose -2*z + 18 = 4*s, -2*s + 13 = 2*z + 3*z. Is j(s) a composite number?
False
Suppose 4777886 = 67*a + 4984419 - 12040542. Is a a composite number?
True
Let f = -37151 + 342180. Is f a composite number?
False
Suppose n - 4*w - 8581 = 0, 20*w = 19*w + 4. Is n composite?
False
Let o = 37414 - 25343. Is o a prime number?
True
Let a(d) = 59*d**2 - 23*d - 1984. Is a(78) a composite number?
True
Let i(h) = h**3 - 14*h**2 + 16*h - 20. Let m be (0/((-12)/3))/(-1 - 0). Suppose -4*o = l - 5*o - 16, m = -5*l + 2*o + 71. Is i(l) prime?
True
Suppose 0 = -12*n + 286455 + 6725 + 3044536. Is n a composite number?
False
Suppose w + 13 = -0*w. Let d(b) be the second derivative of -18*b**3 - 43*b**2/2 + 158*b. Is d(w) prime?
True
Let f(w) = w**3 - 5*w**2 + 5*w + 1. Let p be f(4). Suppose -2088 = -3*x - 9*x. Suppose 4*r + 36 + x = 2*i, -4*i + p*r + 432 = 0. Is i prime?
True
Let b(w) = w**3 + w**2. Let i be b(-2). Let p be i + 3 - (121/(-1))/1. Let r = -58 + p. Is r a prime number?
False
Suppose -17780 + 90584 = 5*z - 3*m, 0 = z - 5*m - 14574. Let k = -7526 + z. Suppose -9*q + k = 382. Is q a prime number?
True
Suppose 0*h - 4*h + 3*m - 15 = 0, 5*h + 2*m + 13 = 0. Is (-2 + -1)/h - -41*130 prime?
False
Suppose -3*l + a - 611850 + 2510905 = 0, a - 2532092 = -4*l. Is l prime?
False
Let u(c) = -c**3 + c**2 - c + 2. Let k(r) = -5*r**3 - 12*r**2 - 49*r - 41. Let b(o) = k(o) - 6*u(o). Is b(25) a composite number?
True
Let l(g) = g**3 + 8*g**2 - 2*g - 12. Let u be l(-8). Suppose -2*i + 69 = 4*c + c, u*c + 28 = i. Suppose -i*b = -27*b - 13235. Is b a composite number?
False
Let r = 5111 + -1659. Let m(g) = 366*g - 102. Let a be m(-6). Let h = a + r. Is h composite?
True
Suppose 3*k + 5*k - 2024 = 0. Suppose -10*q - q + k = 0. Is q a composite number?
False
Suppose 21850 = 8*x - 30174. Suppose 3*n + 5*m = x, 25*n + 2*m = 27*n - 4346. Is n a composite number?
True
Let j(n) = -4080*n**3 - 11*n**2 - n + 3. Is j(-2) a composite number?
True
Suppose -43*i = -48*i - 5*v + 152235, v = -4*i + 121794. Is i composite?
False
Suppose -125369 = -35*i + 1669396. Is i prime?
False
Let v = 20254 - -5773. Suppose -2*h + v = -7319. Is h composite?
False
Let z = 282968 - 182325. Is z a prime number?
False
Suppose -7*p + 39009 + 12854 = 0. Suppose -4941 = -2*s + 3*v, -19*s - 4*v - p = -22*s. Is s a composite number?
True
Let l(k) = -18527*k - 7980. Is l(-49) a composite number?
True
Suppose -162 = -2*u - d, d - 3*d = 0. Let j(z) = 2*z**3 + 2*z**2 - 2*z + 3. Let x be j(3). Suppose 6*w - u = x. Is w a composite number?
True
Let j(m) = 2*m. Suppose -3*v + 10 - 4 = 0. Let a be j(v). Suppose a*b - 8696 = -4*b. Is b a composite number?
False
Suppose -6*t = -2*t + 5*p - 20223, -2*p = -4*t + 20230. Is t prime?
False
Suppose -19*q + 3434809 + 19323931 = q. Is q composite?
False
Suppose 0 = -2*v + 4, -3*v = -4*u - 0*u + 34. Suppose 3*y + 840 = u*y. Suppose -3693 + y = -9*l. Is l a prime number?
True
Suppose 2*g - 5*g + 12633 = -5*s, 8438 = 2*g + 2*s. Suppose 868 = 4*b + g. Is 14/28 - b/2 prime?
True
Let f be 4 + -1 - (6 - (-7)/(-1)). Suppose f*v = o - 2227, 2*v - v - 1 = 0. Suppose 0*m + 4*m - 878 = -2*z, -m = 5*z - o. Is z prime?
False
Let i(r) = r**2 + 7. Let j be i(0). Suppose -6879 = -j*c + 4720. Is c a composite number?
False
Suppose -3*w = -6, -w - 18 = -p - 6*w. Suppose -4*a = -n + 955, 3*a = a - p. Is n prime?
False
Suppose -138502 = -2*s - 4*f, 239*s + f = 238*s + 69246. Is s prime?
False
Suppose -55*k = -50*k - 96665. Is k composite?
False
Let a(o) = o - 6. Let b be a(6). Suppose b = h - 2, -5*c - 4*h - 577 = 10225. Let w = -1539 - c. Is w a prime number?
False
Suppose 0 = -67*g + 3036 + 649. Suppose -s = 4*s - 14990. Suppose -57*v + g*v = -s. Is v prime?
True
Suppose -c + 352 = 349. Suppose 0 = 5*o + 5*r - r - 526, 103 = o + c*r. Is o prime?
False
Let u(s) = 883*s**2 + 126*s - 46. Is u(-6) prime?
False
Suppose 2*h + 37 - 49 = 0. Suppose -4*m + 35532 = 14*m. Is 1*(h/(-9))/((-4)/m) a prime number?
False
Let g(d) = -46*d + 1. Let r be g(1). Let y = r + 40. Is ((-79